{"id":1255,"date":"2021-10-21T10:38:53","date_gmt":"2021-10-21T10:38:53","guid":{"rendered":"http:\/\/www.microbox.cz\/?page_id=1255"},"modified":"2022-04-02T08:09:34","modified_gmt":"2022-04-02T08:09:34","slug":"rasokoule-zelena","status":"publish","type":"page","link":"http:\/\/www.microbox.cz\/?page_id=1255","title":{"rendered":"\u0158asokoule zelen\u00e1"},"content":{"rendered":"<p style=\"text-align: justify;\"><b>\u0158asokoule zelen\u00e1<\/b>\u00a0(<i>Cladophora aegagropila<\/i>, t\u00e9\u017e\u00a0<i>Aegagropila linnaei<\/i>) je druh\u00a0vlasovit\u00e9\u00a0zelen\u00e9 \u0159asy, je\u017e se nach\u00e1z\u00ed v n\u011bkter\u00fdch jezerech na\u00a0severn\u00ed polokouli, a sice na\u00a0Islandu, ve\u00a0Skotsku, v\u00a0Japonsku\u00a0a v\u00a0Estonsku. Pouze v jeze\u0159e Akan na japonsk\u00e9m ostrov\u011b\u00a0Hokkaid\u00f3\u00a0v\u0161ak dosahuje pr\u016fm\u011bru kolem 20\u201330 cm.<sup id=\"cite_ref-rybi\u010dky_1-0\" class=\"reference\">[1]<\/sup>\u00a0Odtud se t\u00e9\u017e roz\u0161\u00ed\u0159ilo jej\u00ed\u00a0japonsk\u00e9\u00a0pojmenov\u00e1n\u00ed\u00a0<i>marimo<\/i>\u00a0\u010di\u00a0<i>torasanpe<\/i>. Tyto koule, je\u017e nemaj\u00ed \u017e\u00e1dn\u00e9 j\u00e1dro, p\u016fsob\u00ed zvl\u00e1\u0161tn\u00edm a velmi dekorativn\u00edm dojmem. P\u0159i pr\u016fm\u011bru 30 cm se mohou do\u017e\u00edt v\u00edce ne\u017e sta let. Nej\u010dast\u011bji se vyskytuj\u00ed v m\u011bl\u010d\u00edch \u010d\u00e1stech jezer. \u0158asokoule se v rozmez\u00ed mezi 1-3 m\u011bs\u00edc\u016f dok\u00e1\u017eou rozmno\u017eovat. Mohou m\u00edt a\u017e 10 p\u0159\u00edr\u016fstk\u016f.<\/p>\n<p style=\"text-align: justify;\">\u0158asokoule zelen\u00e1 je vlastn\u011b seskupen\u00ed \u0159as, je\u017e m\u00e1 t\u0159i r\u016fstov\u00e9 formy. Prvn\u00ed z nich je\u00a0epifytick\u00e1\u00a0a vyhovuj\u00ed j\u00ed v\u00edce zast\u00edn\u011bn\u00e9 \u010d\u00e1sti kamen\u016f, druh\u00e1 forma je kulovit\u00e1, zat\u00edmco t\u0159et\u00ed jsou mal\u00e9 trsy samotn\u00fdch vl\u00e1ken, je\u017e vytv\u00e1\u0159ej\u00ed na dn\u011b\u00a0jezer\u00a0koberce.<sup id=\"cite_ref-rybi\u010dky_1-1\" class=\"reference\">[1]<\/sup><\/p>\n<p style=\"text-align: justify;\">Tyto \u0159asov\u00e9 koule objevil roku\u00a01824\u00a0v\u00a0Zellsk\u00e9m jeze\u0159e\u00a0v\u00a0Rakousku\u00a0Dr. Anton E. Sauter.<sup id=\"cite_ref-rybi\u010dky_1-2\" class=\"reference\">[1]<\/sup>\u00a0Rod\u00a0<i>Aegagropila<\/i>\u00a0pak roku\u00a01843\u00a0ustanovil n\u011bmeck\u00fd\u00a0botanik\u00a0Friedrich T. K\u00fctzing s\u00a0druhem\u00a0<i>Aegagropila linnaei<\/i>\u00a0jako typick\u00fdm z\u00e1stupcem. Nicm\u00e9n\u011b ji\u017e v roce\u00a01849\u00a0jej s\u00e1m p\u0159esunul jako\u00a0podrod\u00a0<i>Aegagropila<\/i>\u00a0rodu\u00a0<i>Cladophora<\/i>. N\u00e1sledn\u011b byl druh\u00a0<i>A. linnaei<\/i>\u00a0p\u0159ejmenov\u00e1n\u00a0<i>Cladophora aegagropila<\/i>\u00a0(L.) Rabenhorst. Po rozs\u00e1hl\u00e9m v\u00fdzkumu\u00a0DNA\u00a0v roce\u00a02002\u00a0do\u0161lo k op\u011btovn\u00e9mu p\u0159ejmenov\u00e1n\u00ed na\u00a0<i>Aegagropila linnaei<\/i>. Stalo se tak vzhledem k p\u0159\u00edtomnosti\u00a0chitinu\u00a0v\u00a0bun\u011b\u010dn\u00fdch st\u011bn\u00e1ch, co\u017e rod\u00a0<i>Cladophora<\/i>\u00a0nem\u00e1.<\/p>\n<p style=\"text-align: justify;\">Existence koloni\u00ed \u0159asokoule v\u00a0N\u00e1rodn\u00edm parku Akan\u00a0na Hokkaid\u014d v Japonsku a na jeze\u0159e\u00a0M\u00fdvatn\u00a0na\u00a0Islandu\u00a0z\u00e1vis\u00ed na adaptaci druhu na omezen\u00e9 sv\u011bteln\u00e9 podm\u00ednky v kombinaci s dynamick\u00fdm p\u016fsoben\u00edm proud\u011bn\u00ed vody zp\u016fsoben\u00fdm v\u011btrem, jezern\u00ed morfologi\u00ed, materi\u00e1lem jezern\u00edho dna a\u00a0sedimentac\u00ed.<\/p>\n<p style=\"text-align: justify;\">Pr\u016fm\u011brn\u00fd ro\u010dn\u00ed p\u0159\u00edr\u016fstek \u0159asokoule \u010din\u00ed asi 5\u00a0mm. V N\u00e1rodn\u00edm parku Akan dor\u016fstaj\u00ed velikosti a\u017e 20\u201330\u00a0cm v pr\u016fm\u011bru. Na jeze\u0159e Akan vytv\u00e1\u0159ej\u00ed epifytick\u00e1 a trsovit\u00e1 r\u016fstov\u00e1 forma hust\u0161\u00ed porosty v m\u00edstech, kde do jezera vt\u00e9k\u00e1 solemi obohacen\u00e1 voda z p\u0159\u00edrodn\u00edch pramen\u016f. Na jeze\u0159e M\u00fdvatn jsou hust\u00e9 kolonie \u0159asokoul\u00ed, je\u017e dor\u016fstaj\u00ed a\u017e 12\u00a0cm v pr\u016fm\u011bru a vytv\u00e1\u0159ej\u00ed na dn\u011b dob\u0159e ohrani\u010den\u00e9 plochy o velikosti 2\u20132,5 m. Tyto kolonie byly objeveny v roce\u00a01978, av\u0161ak od t\u00e9 doby se jejich velikost zna\u010dn\u011b zmen\u0161ila.<\/p>\n<p style=\"text-align: justify;\">\u0158asokoule pot\u0159ebuj\u00ed dostatek sv\u011btla, a proto se voln\u011b pohybliv\u00e9 r\u016fstov\u00e9 formy p\u0159emis\u0165uj\u00ed pomoc\u00ed proud\u011bn\u00ed, je\u017e v jezerech zp\u016fsobuje vln\u011bn\u00ed vody, z m\u00edsta na m\u00edsto. Rostliny, je\u017e se p\u0159edt\u00edm dostaly do hlub\u0161\u00edch vod, tak op\u011bt doputuj\u00ed na prosv\u011btlen\u011bj\u0161\u00ed m\u011bl\u010diny. P\u0159i p\u0159emis\u0165ov\u00e1n\u00ed z m\u00edsta na m\u00edsto z\u00edsk\u00e1v\u00e1 \u0159asokoule kulovit\u00fd tvar. Kulovit\u00fd povrch neslou\u017e\u00ed pouze k usnadn\u011bn\u00ed pohybu pomoc\u00ed proud\u011bn\u00ed vody, ale i pro zbavov\u00e1n\u00ed se ne\u010distot ze st\u00e9lek. Ne\u010distoty, je\u017e jsou usazeny na okraj\u00edch, pohybem koule opadaj\u00ed. Vzhledem ke skute\u010dnosti, \u017ee n\u011bkter\u00e9 kolonie \u0159asokoul\u00ed m\u00edvaj\u00ed dv\u011b, a dokonce i t\u0159i vrstvy, umo\u017e\u0148uje pohyb zp\u016fsoben\u00fd vln\u011bn\u00edm vody, aby se ke ka\u017ed\u00e9 kouli dostal \u017eivotn\u011b d\u016fle\u017eit\u00fd slune\u010dn\u00ed svit. \u0158asokoule jsou zelen\u00e9 po cel\u00e9m obvodu, co\u017e zaji\u0161\u0165uje, \u017ee\u00a0fotosynt\u00e9za\u00a0prob\u00edh\u00e1 nez\u00e1visle na tom, na kterou \u010d\u00e1st pr\u00e1v\u011b dopad\u00e1 sv\u011btlo. Vnit\u0159ek koule je tak\u00e9 zelen\u00fd a je vypln\u011bn d\u0159\u00edmaj\u00edc\u00edm\u00a0chloroplastem, kter\u00fd se v p\u0159\u00edpad\u011b, \u017ee se koule rozpadne, aktivuje v \u0159\u00e1du pouh\u00fdch hodin.<\/p>\n<p style=\"text-align: justify;\"><div id=\"wondercarousellightbox_options\" data-skinsfoldername=\"\"  data-jsfolder=\"http:\/\/www.microbox.cz\/wp-content\/plugins\/FreemakeSliderPlugin\/engine\/\" style=\"display:none;\"><\/div>\r\n<style type=\"text\/css\">@import url(https:\/\/fonts.googleapis.com\/css?family=Open+Sans);   #fmcarousel-12 .amazingcarousel-image {\t \tposition: relative; \tpadding: 4px; }  #fmcarousel-12 .amazingcarousel-image img { \tdisplay: block; \twidth: 100%; \tmax-width: 100%; \tborder: 0; \tmargin: 0; \tpadding: 0; \t-moz-border-radius: 0px; \t-webkit-border-radius: 0px; \tborder-radius: 0px; \t-moz-box-shadow:  0 1px 4px rgba(0, 0, 0, 0.2); \t-webkit-box-shadow: 0 1px 4px rgba(0, 0, 0, 0.2); \tbox-shadow: 0 1px 4px rgba(0, 0, 0, 0.2); }  #fmcarousel-12 .amazingcarousel-title { \tposition:relative; \tfont:14px \"Open Sans\", sans-serif; \tcolor:#333333; \tmargin:6px; \ttext-align:center; \ttext-shadow:0px 1px 1px #fff; }  #fmcarousel-12 .amazingcarousel-list-container {  \tpadding: 16px 0; }  #fmcarousel-12 .amazingcarousel-item-container { \ttext-align: center; \tpadding: 4px; \tbackground-color: #fff; \tborder: 1px solid #ddd; \t-moz-box-shadow: 0px 0px 5px 1px rgba(96, 96, 96, 0.1); \t-webkit-box-shadow: 0px 0px 5px 1px rgba(96, 96, 96, 0.1); \tbox-shadow: 0px 0px 5px 1px rgba(96, 96, 96, 0.1); }  #fmcarousel-12 .amazingcarousel-prev { \tleft: 0%; \ttop: 50%; \tmargin-left: -48px; \tmargin-top: -16px; }  #fmcarousel-12 .amazingcarousel-next { \tright: 0%; \ttop: 50%; \tmargin-right: -48px; \tmargin-top: -16px; }  #fmcarousel-12 .amazingcarousel-nav { \tposition: absolute; \twidth: 100%; \ttop: 100%; }  #fmcarousel-12 .amazingcarousel-bullet-wrapper { \tmargin: 4px auto; }<\/style><div class=\"fmcarousel-container\" id=\"fmcarousel-container-12\"><div class=\"fmcarousel\" id=\"fmcarousel-12\" data-carouselid=\"12\" data-width=\"240\" data-height=\"180\" data-skin=\"classic\" data-sameheight=\"false\" data-sameheightresponsive=\"false\" data-fullwidth=\"false\" data-centerimage=\"true\" data-fitimage=\"false\" data-fitcenterimage=\"false\" data-fixaspectratio=\"true\" data-autoplay=\"true\" data-random=\"false\" data-circular=\"true\" data-pauseonmouseover=\"true\" data-continuous=\"false\" data-responsive=\"true\" data-showhoveroverlay=\"true\" data-showhoveroverlayalways=\"false\" data-hidehoveroverlayontouch=\"false\" data-lightboxresponsive=\"true\" data-lightboxshownavigation=\"false\" data-lightboxnogroup=\"false\" data-lightboxshowtitle=\"true\" data-lightboxshowdescription=\"false\" data-usescreenquery=\"false\" data-donotinit=\"false\" data-addinitscript=\"false\" data-doshortcodeontext=\"false\" data-lightboxshowsocial=\"false\" data-lightboxshowfacebook=\"true\" data-lightboxshowtwitter=\"true\" data-lightboxshowpinterest=\"true\" data-lightboxsocialrotateeffect=\"true\" data-hidecontainerbeforeloaded=\"false\" data-hidecontaineroninit=\"false\" data-lightboximagekeepratio=\"true\" data-showplayvideo=\"true\" data-triggerresize=\"false\" data-lightboxfullscreenmode=\"false\" data-lightboxcloseonoverlay=\"true\" data-lightboxvideohidecontrols=\"false\" data-lightboxautoslide=\"false\" data-lightboxshowtimer=\"true\" data-lightboxshowplaybutton=\"true\" data-lightboxalwaysshownavarrows=\"false\" data-lightboxshowtitleprefix=\"true\" data-spacing=\"18\" data-rownumber=\"1\" data-visibleitems=\"3\" data-arrowstyle=\"always\" data-arrowimage=\"arrows-32-32-2.png\" data-arrowwidth=\"32\" data-arrowheight=\"32\" data-navstyle=\"bullets\" data-navimage=\"bullet-16-16-0.png\" data-navwidth=\"16\" data-navheight=\"16\" data-navspacing=\"8\" data-hoveroverlayimage=\"hoveroverlay-64-64-3.png\" data-lightboxthumbwidth=\"90\" data-lightboxthumbheight=\"60\" data-lightboxthumbtopmargin=\"12\" data-lightboxthumbbottommargin=\"4\" data-lightboxbarheight=\"64\" data-lightboxtitlebottomcss=\"{color:#333; font-size:14px; font-family:Armata,sans-serif,Arial; overflow:hidden; text-align:left;}\" data-lightboxdescriptionbottomcss=\"{color:#333; font-size:12px; font-family:Arial,Helvetica,sans-serif; overflow:hidden; text-align:left; margin:4px 0px 0px; padding: 0px;}\" data-continuousduration=\"2500\" data-scrollmode=\"page\" data-interval=\"3000\" data-transitionduration=\"1000\" data-lightboxtitlestyle=\"bottom\" data-lightboximagepercentage=\"75\" data-lightboxdefaultvideovolume=\"1\" data-lightboxoverlaybgcolor=\"#000\" data-lightboxoverlayopacity=\"0.9\" data-lightboxbgcolor=\"#fff\" data-lightboxtitleprefix=\"%NUM \/ %TOTAL\" data-lightboxtitleinsidecss=\"color:#fff; font-size:16px; font-family:Arial,Helvetica,sans-serif; overflow:hidden; text-align:left;\" data-lightboxdescriptioninsidecss=\"color:#fff; font-size:12px; font-family:Arial,Helvetica,sans-serif; overflow:hidden; text-align:left; margin:4px 0px 0px; padding: 0px;\" data-playvideoimage=\"playvideo-64-64-0.png\" data-playvideoimagepos=\"center\" data-lightboxsocialposition=\"position:absolute;top:100%;right:0;\" data-lightboxsocialpositionsmallscreen=\"position:absolute;top:100%;right:0;left:0;\" data-lightboxsocialdirection=\"horizontal\" data-lightboxsocialbuttonsize=\"32\" data-lightboxsocialbuttonfontsize=\"18\" data-sameheightmediumscreen=\"769\" data-sameheightmediumheight=\"200\" data-sameheightsmallscreen=\"415\" data-sameheightsmallheight=\"150\" data-triggerresizedelay=\"100\" data-lightboxslideinterval=\"5000\" data-lightboxtimerposition=\"bottom\" data-lightboxtimercolor=\"#dc572e\" data-lightboxtimeropacity=\"1\" data-lightboxbordersize=\"8\" data-lightboxborderradius=\"0\" data-screenquery='{ \"tablet\": { \"screenwidth\": 800, \"visibleitems\": 2 }, \"mobile\": { \"screenwidth\": 480, \"visibleitems\": 1 } }' data-jsfolder=\"http:\/\/www.microbox.cz\/wp-content\/plugins\/FreemakeSliderPlugin\/engine\/\" style=\"display:none;position:relative;margin:0 auto;width:100%;max-width:720px;\" ><div class=\"amazingcarousel-list-container\" style=\"overflow:hidden;\"><ul class=\"amazingcarousel-list\"><li class=\"amazingcarousel-item\"><div class=\"amazingcarousel-item-container\"><div class=\"amazingcarousel-image\"><a href=\"https:\/\/www.youtube.com\/embed\/2RCkqq7ymsg\" data-thumbnail=\"https:\/\/img.youtube.com\/vi\/2RCkqq7ymsg\/1.jpg\" class=\"wondercarousellightbox wondercarousellightbox-12\" data-group=\"wondercarousellightbox-12\"><img src=\"https:\/\/img.youtube.com\/vi\/2RCkqq7ymsg\/0.jpg\" alt=\"\" data-description=\"\" \/><\/a><\/div>\n<div class=\"amazingcarousel-title\"><\/div><\/div><\/li><li class=\"amazingcarousel-item\"><div class=\"amazingcarousel-item-container\"><div class=\"amazingcarousel-image\"><a href=\"https:\/\/www.youtube.com\/embed\/2RCkqq7ymsg\" data-thumbnail=\"https:\/\/img.youtube.com\/vi\/2RCkqq7ymsg\/1.jpg\" class=\"wondercarousellightbox wondercarousellightbox-12\" data-group=\"wondercarousellightbox-12\"><img src=\"https:\/\/img.youtube.com\/vi\/2RCkqq7ymsg\/0.jpg\" alt=\"\" data-description=\"\" \/><\/a><\/div>\n<div class=\"amazingcarousel-title\"><\/div><\/div><\/li><li class=\"amazingcarousel-item\"><div class=\"amazingcarousel-item-container\"><div class=\"amazingcarousel-image\"><a href=\"https:\/\/www.youtube.com\/embed\/Yudd20pj4vM\" data-thumbnail=\"https:\/\/img.youtube.com\/vi\/Yudd20pj4vM\/1.jpg\" class=\"wondercarousellightbox wondercarousellightbox-12\" data-group=\"wondercarousellightbox-12\"><img src=\"https:\/\/img.youtube.com\/vi\/Yudd20pj4vM\/0.jpg\" alt=\"\" data-description=\"\" \/><\/a><\/div>\n<div class=\"amazingcarousel-title\"><\/div><\/div><\/li><li class=\"amazingcarousel-item\"><div class=\"amazingcarousel-item-container\"><div class=\"amazingcarousel-image\"><a href=\"https:\/\/www.youtube.com\/embed\/7cSDC0UbLF4\" data-thumbnail=\"https:\/\/img.youtube.com\/vi\/7cSDC0UbLF4\/1.jpg\" class=\"wondercarousellightbox wondercarousellightbox-12\" data-group=\"wondercarousellightbox-12\"><img src=\"https:\/\/img.youtube.com\/vi\/7cSDC0UbLF4\/0.jpg\" alt=\"\" data-description=\"\" \/><\/a><\/div>\n<div class=\"amazingcarousel-title\"><\/div><\/div><\/li><li class=\"amazingcarousel-item\"><div class=\"amazingcarousel-item-container\"><div class=\"amazingcarousel-image\"><a href=\"https:\/\/www.youtube.com\/embed\/FPW0MkpUBTQ\" data-thumbnail=\"https:\/\/img.youtube.com\/vi\/FPW0MkpUBTQ\/1.jpg\" class=\"wondercarousellightbox wondercarousellightbox-12\" data-group=\"wondercarousellightbox-12\"><img src=\"https:\/\/img.youtube.com\/vi\/FPW0MkpUBTQ\/0.jpg\" alt=\"\" data-description=\"\" \/><\/a><\/div>\n<div class=\"amazingcarousel-title\"><\/div><\/div><\/li><li class=\"amazingcarousel-item\"><div class=\"amazingcarousel-item-container\"><div class=\"amazingcarousel-image\"><a href=\"https:\/\/www.youtube.com\/embed\/dDcwEoXgTGI?list=PLJO-XOJICuF35mkVWA7G5TcBh2N90vtTZ&amp;ab_channel=%C5%98asokoule\" data-thumbnail=\"https:\/\/img.youtube.com\/vi\/dDcwEoXgTGI\/1.jpg\" class=\"wondercarousellightbox wondercarousellightbox-12\" data-group=\"wondercarousellightbox-12\"><img src=\"https:\/\/img.youtube.com\/vi\/dDcwEoXgTGI\/0.jpg\" alt=\"\" data-description=\"\" \/><\/a><\/div>\n<div class=\"amazingcarousel-title\"><\/div><\/div><\/li><\/ul><div class=\"amazingcarousel-prev\"><\/div><div class=\"amazingcarousel-next\"><\/div><\/div><div class=\"amazingcarousel-nav\"><\/div><div style=\"width: 100%; text-align: center; font-size: small; font-family: Arial;\"><a href=\"http:\/\/www.freemake.com\/free_wordpress_slider_plugin\" title=\"Freemake URL\" target=\"_blank\" style=\"box-shadow: none\" class=\"fm-promo-url\">Credit: Freemake slider plugin for Wordpress<\/a><\/div><\/div><\/div><\/p>\n<p style=\"text-align: justify;\" title=\"Hitem posledn\u00edch m\u011bs\u00edc\u016f je \u0159asokoule, pom\u00e1h\u00e1 od stresu a vypad\u00e1 velmi designov\u011b\">\u0158asokouli namno\u017e\u00edte tak, \u017ee ji prost\u011b rozp\u016fl\u00edte. Druhou mo\u017enost\u00ed je, \u017ee\u00a0budete \u010dekat, dokud sama neuvoln\u00ed mali\u010dkat\u00fd kousek, z\u00a0kter\u00e9ho se za\u010dne tvo\u0159it nov\u00fd organismus. P\u0159ipravte se ale na to, \u017ee roste hodn\u011b pomalu. Nap\u0159\u00edklad v\u00a0Japonsku se \u0159asokoule stala velk\u00fdm hitem. Rodi\u010de ji tam d\u011btem b\u011b\u017en\u011b po\u0159izuj\u00ed coby dom\u00e1c\u00edho mazl\u00ed\u010dka. Podle v\u011bdc\u016f je zelen\u00e1 koule dokonce v\u00fdbornou antistresovou pom\u016fckou, a to d\u00edky sv\u00e9mu tvaru i p\u0159\u00edjemn\u00e9mu povrchu. Ide\u00e1ln\u00ed podm\u00ednky j\u00ed zajist\u00edte v\u00a0m\u011bkk\u00e9 vod\u011b. Je pot\u0159eba j\u00ed vym\u011bnit maxim\u00e1ln\u011b jednou za dva t\u00fddny. Voda by m\u011bla m\u00edt pokojovou nebo ni\u017e\u0161\u00ed teplotu. Do n\u00e1doby m\u016f\u017eete p\u0159idat i trochu mo\u0159sk\u00e9 soli, kter\u00e1 poslou\u017e\u00ed nejen jako desinfekce, ale\u00a0tak\u00e9 pom\u016f\u017ee rostlin\u011b, aby\u00a0se znovu zazelenala. Rostlinku je t\u0159eba pravideln\u011b ot\u00e1\u010det, aby z\u00edskala sv\u011btlo ze\u00a0v\u0161ech stran a\u00a0d\u00edky om\u00edl\u00e1n\u00ed o\u00a0dno se z\u00a0n\u00ed odstranily ne\u010distoty. Odborn\u00edci tak\u00e9 doporu\u010duj\u00ed rostlinku jednou za \u010das proma\u010dkat, to pom\u016f\u017ee rostlin\u011b vypudit vzduch a\u00a0ne\u010distoty. Nejlep\u0161\u00edm m\u00edstem je n\u011bjak\u00fd temn\u011bj\u0161\u00ed kout. Aby si\u00a0\u0159asokoule\u00a0zachovala sv\u016fj hezk\u00fd kulat\u00fd tvar, je nutn\u00e9 ji ob\u010das vyv\u00e1let po dn\u011b.<\/p>\n<p style=\"text-align: justify;\" title=\"Hitem posledn\u00edch m\u011bs\u00edc\u016f je \u0159asokoule, pom\u00e1h\u00e1 od stresu a vypad\u00e1 velmi designov\u011b\">\n<p style=\"text-align: justify;\" title=\"Hitem posledn\u00edch m\u011bs\u00edc\u016f je \u0159asokoule, pom\u00e1h\u00e1 od stresu a vypad\u00e1 velmi designov\u011b\">\n","protected":false},"excerpt":{"rendered":"<p>\u0158asokoule zelen\u00e1\u00a0(Cladophora aegagropila, t\u00e9\u017e\u00a0Aegagropila linnaei) je druh\u00a0vlasovit\u00e9\u00a0zelen\u00e9 \u0159asy, je\u017e se nach\u00e1z\u00ed v n\u011bkter\u00fdch jezerech na\u00a0severn\u00ed polokouli, a sice na\u00a0Islandu, ve\u00a0Skotsku, v\u00a0Japonsku\u00a0a v\u00a0Estonsku. Pouze v jeze\u0159e Akan na japonsk\u00e9m ostrov\u011b\u00a0Hokkaid\u00f3\u00a0v\u0161ak dosahuje pr\u016fm\u011bru kolem 20\u201330 cm.[1]\u00a0Odtud se t\u00e9\u017e roz\u0161\u00ed\u0159ilo jej\u00ed\u00a0japonsk\u00e9\u00a0pojmenov\u00e1n\u00ed\u00a0marimo\u00a0\u010di\u00a0torasanpe. Tyto koule, je\u017e nemaj\u00ed \u017e\u00e1dn\u00e9 j\u00e1dro, p\u016fsob\u00ed zvl\u00e1\u0161tn\u00edm a velmi dekorativn\u00edm dojmem. P\u0159i pr\u016fm\u011bru 30 cm se <a class=\"read-more\" href=\"http:\/\/www.microbox.cz\/?page_id=1255\">...continue reading <span class=\"meta-nav\">&rarr;<\/span><\/a><\/p>\n","protected":false},"author":1,"featured_media":0,"parent":0,"menu_order":0,"comment_status":"closed","ping_status":"closed","template":"page-templates\/front-page.php","meta":[],"_links":{"self":[{"href":"http:\/\/www.microbox.cz\/index.php?rest_route=\/wp\/v2\/pages\/1255"}],"collection":[{"href":"http:\/\/www.microbox.cz\/index.php?rest_route=\/wp\/v2\/pages"}],"about":[{"href":"http:\/\/www.microbox.cz\/index.php?rest_route=\/wp\/v2\/types\/page"}],"author":[{"embeddable":true,"href":"http:\/\/www.microbox.cz\/index.php?rest_route=\/wp\/v2\/users\/1"}],"replies":[{"embeddable":true,"href":"http:\/\/www.microbox.cz\/index.php?rest_route=%2Fwp%2Fv2%2Fcomments&post=1255"}],"version-history":[{"count":12,"href":"http:\/\/www.microbox.cz\/index.php?rest_route=\/wp\/v2\/pages\/1255\/revisions"}],"predecessor-version":[{"id":1511,"href":"http:\/\/www.microbox.cz\/index.php?rest_route=\/wp\/v2\/pages\/1255\/revisions\/1511"}],"wp:attachment":[{"href":"http:\/\/www.microbox.cz\/index.php?rest_route=%2Fwp%2Fv2%2Fmedia&parent=1255"}],"curies":[{"name":"wp","href":"https:\/\/api.w.org\/{rel}","templated":true}]}}