{"id":678,"date":"2016-10-27T06:41:46","date_gmt":"2016-10-27T06:41:46","guid":{"rendered":"http:\/\/www.microbox.cz\/?page_id=678"},"modified":"2023-02-08T20:28:06","modified_gmt":"2023-02-08T20:28:06","slug":"zajimavosti-o-reishi","status":"publish","type":"page","link":"http:\/\/www.microbox.cz\/?page_id=678","title":{"rendered":"Zaj\u00edmavosti o Reishi"},"content":{"rendered":"<p><script src=\"https:\/\/code.responsivevoice.org\/responsivevoice.js?key=zOyPaRpl\"><span data-mce-type=\"bookmark\" style=\"display: inline-block; width: 0px; overflow: hidden; line-height: 0;\" class=\"mce_SELRES_start\">\ufeff<\/span><span data-mce-type=\"bookmark\" style=\"display: inline-block; width: 0px; overflow: hidden; line-height: 0;\" class=\"mce_SELRES_start\">\ufeff<\/span><span data-mce-type=\"bookmark\" style=\"display: inline-block; width: 0px; overflow: hidden; line-height: 0;\" class=\"mce_SELRES_start\">\ufeff<\/span><\/script><\/p>\n<p style=\"text-align: justify;\"><button id=\"listenButton1\" class=\"responsivevoice-button\" type=\"button\" value=\"Play\" title=\"ResponsiveVoice Tap to Start\/Stop Speech\"><span>&#128266; Zvukov\u00fd p\u0159epis str\u00e1nky<\/span><\/button>\n        <script>\n            listenButton1.onclick = function(){\n                if(responsiveVoice.isPlaying()){\n                    responsiveVoice.cancel();\n                }else{\n                    responsiveVoice.speak(\"Ob\u0159\u00ed reishi Gigantickou reishi p\u0159edv\u00e1d\u00ed \u010d\u00ednsk\u00fd obchodn\u00edk z m\u011bsta Hezhou. Velk\u00e9 reishi nejsou v p\u0159\u00edrod\u011b \u017e\u00e1dnou v\u00fdjimkou. Tato ob\u0159\u00ed reishi m\u011bla pr\u016fm\u011br 107 cm a v\u00e1hu t\u00e9m\u011b\u0159 15 kg. Nalezena byla ji\u017en\u011b od \u0159eky Jang-c\u2019-\u0165iang. Mimo \u010c\u00ednu jsou proslul\u00e9 n\u00e1lezy reishi v pralesn\u00edch oblastech Vietnamu. Podle ChinaNews zde byly nalezeny dv\u011b ob\u0159\u00ed reishi. Jedna s pr\u016fm\u011brem 120 cm o v\u00e1ze 5 kg a druh\u00e1 s pr\u016fm\u011brem 150 cm a v\u00e1ze 6 kg. Pan Guo Quan, \u0159editel Zhengzhou Museum, odhadl st\u00e1\u0159\u00ed t\u011bchto reishi na 200 let. Dal\u0161\u00edm z rekordman\u016f, co do hmotnosti, je jin\u00fd n\u00e1lez z Vietnamu. Gigantick\u00e1 reishi byla nalezena v provincii Ea Kar pat\u0159\u00edc\u00ed do poho\u0159\u00ed Dak Lak. Opravdu unik\u00e1tn\u00ed v\u00edcevrstvnat\u00e1 reishi o d\u00e9lce 170 cm, \u0161\u00ed\u0159ce 120 cm a v\u00e1ze 220 kg. Dal\u0161\u00ed ob\u0159\u00ed na videu. Historick\u00e9 z\u00e1znamy uk\u00e1zaly, \u017ee d\u0159\u00edve rostlo v p\u0159\u00edrod\u011b divoce \u0161est r\u016fzn\u00fdch typ\u016f reishi: zelen\u00e1, \u017elut\u00e1, b\u00edl\u00e1, fialov\u00e1, \u010dern\u00e1 a \u010derven\u00e1. N\u011bkter\u00e9 star\u0161\u00ed prameny uv\u00e1d\u011bly, \u017ee r\u016fzn\u00e9 barvy odpov\u00eddaly p\u0159\u00ednosu zdrav\u00ed pro specifick\u00e9 org\u00e1ny nebo r\u016fzn\u00e9 oblasti t\u011bla. \u010cerven\u00e1 verze reishi byla nejvz\u00e1cn\u011bj\u0161\u00ed a byla pova\u017eov\u00e1n za nejv\u00edce zdravotn\u011b v\u00fdhodnou. V sou\u010dasn\u00e9 dob\u011b se uv\u00e1d\u00ed, \u017ee \u010derven\u00e1 reishi je jedin\u00e1 \u201eprav\u00e1\u201c reishi. Bez pomoci modern\u00ed v\u011bdeck\u00e9 anal\u00fdzy ji\u017e ale sta\u0159\u00ed \u010d\u00edn\u0161t\u00ed bylink\u00e1\u0159i tvrdili, \u017ee \u201e\u010derven\u00e1 reishi\u201c ganoderma lucidum byl samostatn\u00fd druh hub a \u00fapln\u011b jin\u00fd ne\u017e \u201e\u010dern\u00e1 reishi\u201c \u2013 ganoderma sinensis. Pom\u011brn\u011b vz\u00e1cn\u011bj\u0161\u00ed je \u017elut\u00e1 reishi (ganoderma curtisii). \u010cervenou barvu m\u00e1 i m\u00e9n\u011b roz\u0161\u00ed\u0159en\u00e1 ganoderma tsugae. V \u010c\u00edn\u011b zn\u00e1m\u00e1 pod n\u00e1zvem Songshan Lingzhi. Jej\u00ed zvl\u00e1\u0161tnost\u00ed je to, \u017ee roste p\u0159edev\u0161\u00edm na jehli\u010dnanech a na rozd\u00edl od b\u011b\u017en\u011bj\u0161\u00ed reishi m\u00e1 r\u00e1da chladn\u011bj\u0161\u00ed podneb\u00ed. Pom\u011brn\u011b hojn\u011b se vyskytuje v severov\u00fdchodn\u00edch oblastech USA. Podle odborn\u00edk\u016f m\u00e1 tato houba je\u0161t\u011b v\u011bt\u0161\u00ed vazby polysacharid\u016f na proteiny ne\u017e samotn\u00e1 ganoderma lucidum. Samotn\u00e9 p\u011bstovan\u00ed reishi je u\u017e vysoce odborn\u00e1 \u010dinnost (viz video). \u010cerven\u00e1 reishi (ganoderma lucidum) nen\u00ed v\u017edy \u010derven\u00e1. Reishi se vejdou do barevn\u00e9 \u0161k\u00e1ly od sv\u011btle \u017elut\u00e9 a\u017e po tmav\u011b hn\u011bdou. Barva reishi m\u016f\u017ee b\u00fdt ovlivn\u011bna sadbou, kvalitou kmen\u016f a substr\u00e1t\u016f, vlhkost\u00ed a ovzdu\u0161\u00edm (v\u011btr\u00e1n\u00ed a v\u00fdm\u011bna CO2), st\u00e1\u0159\u00edm plodnic a \u0159adou dal\u0161\u00edch faktor\u016f. Reishi, kter\u00e9 jsou p\u011bstov\u00e1ny za stejn\u00fdch podm\u00ednek, budou m\u00edt velmi podobn\u00e9 barvy a budou poskytovat stejn\u00e9 zdravotn\u00ed v\u00fdhody.\u00a0 Nen\u00ed \u017e\u00e1dn\u00fd d\u016fvod se domn\u00edvat, \u017ee v\u00edce hn\u011bd\u00e1 nebo v\u00edce sv\u011btl\u00e1 reishi bude m\u00edt m\u00e9n\u011b v\u00fdhod ne\u017e spr\u00e1vn\u011b \u010derven\u011b zbarven\u00e1 reishi. Na\u0159\u00edzen\u00ed komise EU \u010d. 432\/2012 neumo\u017e\u0148uje popisovat v\u0161echny \u00fa\u010dinky u konkr\u00e9tn\u00edho dopl\u0148ku stravy na lidsk\u00fd organismus. Jako jeden ze zdroj\u016f informac\u00ed m\u016f\u017eete vyu\u017e\u00edt v\u0161eobecn\u00e9 informace o houb\u011b reishi i jin\u00fdch produktech uveden\u00fdch na tomto serveru, kter\u00e9 maj\u00ed v\u00fdhradn\u011b obecn\u011b informa\u010dn\u00ed nekomer\u010dn\u00ed charakter a poch\u00e1zej\u00ed z ve\u0159ejn\u011b dostupn\u00fdch zdroj\u016f, nap\u0159. za pomoc\u00ed r\u016fzn\u00fdch vyhled\u00e1va\u010d\u016f nebo je p\u0159\u00edmo odkazov\u00e1no na p\u016fvodn\u00ed zdroj informac\u00ed.\", \"Czech Female\");\n                }\n            };\n        <\/script>\n    <\/p>\n<p><strong>Ob\u0159\u00ed reishi<\/strong><\/p>\n<p style=\"text-align: justify;\">Gigantickou reishi p\u0159edv\u00e1d\u00ed \u010d\u00ednsk\u00fd obchodn\u00edk z m\u011bsta Hezhou. Velk\u00e9 reishi nejsou v p\u0159\u00edrod\u011b \u017e\u00e1dnou v\u00fdjimkou. Tato ob\u0159\u00ed reishi m\u011bla pr\u016fm\u011br 107 cm a v\u00e1hu t\u00e9m\u011b\u0159 15 kg. Nalezena byla ji\u017en\u011b od \u0159eky Jang-c\u2019-\u0165iang.<\/p>\n<p style=\"text-align: justify;\"><img loading=\"lazy\" class=\"alignleft wp-image-924 size-full\" src=\"http:\/\/www.microbox.cz\/wp-content\/uploads\/2016\/10\/large-reishi.jpg\" alt=\"\" width=\"350\" height=\"266\" srcset=\"http:\/\/www.microbox.cz\/wp-content\/uploads\/2016\/10\/large-reishi.jpg 350w, http:\/\/www.microbox.cz\/wp-content\/uploads\/2016\/10\/large-reishi-300x228.jpg 300w\" sizes=\"(max-width: 350px) 100vw, 350px\" \/>Mimo \u010c\u00ednu jsou proslul\u00e9 n\u00e1lezy reishi v pralesn\u00edch oblastech Vietnamu. Podle ChinaNews zde byly nalezeny dv\u011b ob\u0159\u00ed reishi. Jedna s pr\u016fm\u011brem 120 cm o v\u00e1ze 5 kg a druh\u00e1 s pr\u016fm\u011brem 150 cm a v\u00e1ze 6 kg. Pan Guo Quan, \u0159editel Zhengzhou Museum, odhadl st\u00e1\u0159\u00ed t\u011bchto reishi na 200 let.<\/p>\n<p style=\"text-align: justify;\">Dal\u0161\u00edm z rekordman\u016f, co do hmotnosti, je jin\u00fd n\u00e1lez z Vietnamu. Gigantick\u00e1 reishi byla nalezena v provincii Ea Kar pat\u0159\u00edc\u00ed do poho\u0159\u00ed Dak Lak. Opravdu unik\u00e1tn\u00ed v\u00edcevrstvnat\u00e1 reishi o d\u00e9lce 170 cm, \u0161\u00ed\u0159ce 120 cm a v\u00e1ze 220 kg. Dal\u0161\u00ed ob\u0159\u00ed na videu.<\/p>\n<iframe  id=\"_ytid_25593\"  width=\"750\" height=\"450\"  data-origwidth=\"750\" data-origheight=\"450\" src=\"https:\/\/www.youtube.com\/embed\/u6A2ibEvhOI?enablejsapi=1&autoplay=0&cc_load_policy=0&iv_load_policy=1&loop=0&modestbranding=0&fs=1&playsinline=0&controls=1&color=red&cc_lang_pref=&rel=1&autohide=2&theme=dark&\" class=\"__youtube_prefs__  no-lazyload\" title=\"YouTube player\"  allow=\"accelerometer; autoplay; clipboard-write; encrypted-media; gyroscope; picture-in-picture\" allowfullscreen data-no-lazy=\"1\" data-skipgform_ajax_framebjll=\"\"><\/iframe>\n<p style=\"text-align: justify;\"><img loading=\"lazy\" class=\"alignleft wp-image-925 size-full\" src=\"http:\/\/www.microbox.cz\/wp-content\/uploads\/2016\/10\/Ganoderma_md.jpg\" alt=\"\" width=\"350\" height=\"234\" srcset=\"http:\/\/www.microbox.cz\/wp-content\/uploads\/2016\/10\/Ganoderma_md.jpg 350w, http:\/\/www.microbox.cz\/wp-content\/uploads\/2016\/10\/Ganoderma_md-300x200.jpg 300w\" sizes=\"(max-width: 350px) 100vw, 350px\" \/>Historick\u00e9 z\u00e1znamy uk\u00e1zaly, \u017ee d\u0159\u00edve rostlo v p\u0159\u00edrod\u011b divoce \u0161est r\u016fzn\u00fdch typ\u016f reishi: zelen\u00e1, \u017elut\u00e1, b\u00edl\u00e1, fialov\u00e1, \u010dern\u00e1 a \u010derven\u00e1. N\u011bkter\u00e9 star\u0161\u00ed prameny uv\u00e1d\u011bly, \u017ee r\u016fzn\u00e9 barvy odpov\u00eddaly p\u0159\u00ednosu zdrav\u00ed pro specifick\u00e9 org\u00e1ny nebo r\u016fzn\u00e9 oblasti t\u011bla. \u010cerven\u00e1 verze reishi byla nejvz\u00e1cn\u011bj\u0161\u00ed a byla pova\u017eov\u00e1n za nejv\u00edce zdravotn\u011b v\u00fdhodnou. V sou\u010dasn\u00e9 dob\u011b se uv\u00e1d\u00ed, \u017ee \u010derven\u00e1 reishi je jedin\u00e1 \u201eprav\u00e1\u201c reishi. Bez pomoci modern\u00ed v\u011bdeck\u00e9 anal\u00fdzy ji\u017e ale sta\u0159\u00ed \u010d\u00edn\u0161t\u00ed bylink\u00e1\u0159i tvrdili, \u017ee \u201e\u010derven\u00e1 reishi\u201c ganoderma lucidum byl samostatn\u00fd druh hub a \u00fapln\u011b jin\u00fd ne\u017e \u201e\u010dern\u00e1 reishi\u201c \u2013 ganoderma sinensis. Pom\u011brn\u011b vz\u00e1cn\u011bj\u0161\u00ed je \u017elut\u00e1 reishi (ganoderma curtisii). \u010cervenou barvu m\u00e1 i m\u00e9n\u011b roz\u0161\u00ed\u0159en\u00e1 ganoderma tsugae. V \u010c\u00edn\u011b zn\u00e1m\u00e1 pod n\u00e1zvem Songshan Lingzhi. Jej\u00ed zvl\u00e1\u0161tnost\u00ed je to, \u017ee roste p\u0159edev\u0161\u00edm na jehli\u010dnanech a na rozd\u00edl od b\u011b\u017en\u011bj\u0161\u00ed reishi m\u00e1 r\u00e1da chladn\u011bj\u0161\u00ed podneb\u00ed. Pom\u011brn\u011b hojn\u011b se vyskytuje v severov\u00fdchodn\u00edch oblastech USA. Podle odborn\u00edk\u016f m\u00e1 tato houba je\u0161t\u011b v\u011bt\u0161\u00ed vazby polysacharid\u016f na proteiny ne\u017e samotn\u00e1 ganoderma lucidum. Samotn\u00e9 p\u011bstovan\u00ed reishi je u\u017e vysoce odborn\u00e1 \u010dinnost (viz video).<\/p>\n<iframe  id=\"_ytid_67660\"  width=\"750\" height=\"450\"  data-origwidth=\"750\" data-origheight=\"450\" src=\"https:\/\/www.youtube.com\/embed\/j5RzRnsdJUM?enablejsapi=1&autoplay=0&cc_load_policy=0&iv_load_policy=1&loop=0&modestbranding=0&fs=1&playsinline=0&controls=1&color=red&cc_lang_pref=&rel=1&autohide=2&theme=dark&\" class=\"__youtube_prefs__  no-lazyload\" title=\"YouTube player\"  allow=\"accelerometer; autoplay; clipboard-write; encrypted-media; gyroscope; picture-in-picture\" allowfullscreen data-no-lazy=\"1\" data-skipgform_ajax_framebjll=\"\"><\/iframe>\n<p style=\"text-align: justify;\">\u010cerven\u00e1 reishi (ganoderma lucidum) nen\u00ed v\u017edy \u010derven\u00e1. Reishi se vejdou do barevn\u00e9 \u0161k\u00e1ly od sv\u011btle \u017elut\u00e9 a\u017e po tmav\u011b hn\u011bdou. Barva reishi m\u016f\u017ee b\u00fdt ovlivn\u011bna sadbou, kvalitou kmen\u016f a substr\u00e1t\u016f, vlhkost\u00ed a ovzdu\u0161\u00edm (v\u011btr\u00e1n\u00ed a v\u00fdm\u011bna CO2), st\u00e1\u0159\u00edm plodnic a \u0159adou dal\u0161\u00edch faktor\u016f. Reishi, kter\u00e9 jsou p\u011bstov\u00e1ny za stejn\u00fdch podm\u00ednek, budou m\u00edt velmi podobn\u00e9 barvy a budou poskytovat stejn\u00e9 zdravotn\u00ed v\u00fdhody.\u00a0 Nen\u00ed \u017e\u00e1dn\u00fd d\u016fvod se domn\u00edvat, \u017ee v\u00edce hn\u011bd\u00e1 nebo v\u00edce sv\u011btl\u00e1 reishi bude m\u00edt m\u00e9n\u011b v\u00fdhod ne\u017e spr\u00e1vn\u011b \u010derven\u011b zbarven\u00e1 reishi.<\/p>\n<p style=\"text-align: justify;\"><span style=\"color: #000080;\"><strong>Na\u0159\u00edzen\u00ed komise EU \u010d. 432\/2012 neumo\u017e\u0148uje popisovat v\u0161echny \u00fa\u010dinky u konkr\u00e9tn\u00edho dopl\u0148ku stravy na lidsk\u00fd organismus. Jako jeden ze zdroj\u016f informac\u00ed m\u016f\u017eete vyu\u017e\u00edt v\u0161eobecn\u00e9 informace o houb\u011b reishi i jin\u00fdch produktech uveden\u00fdch na tomto serveru, kter\u00e9 maj\u00ed v\u00fdhradn\u011b obecn\u011b informa\u010dn\u00ed nekomer\u010dn\u00ed charakter a poch\u00e1zej\u00ed z ve\u0159ejn\u011b dostupn\u00fdch zdroj\u016f, nap\u0159. za pomoc\u00ed r\u016fzn\u00fdch vyhled\u00e1va\u010d\u016f nebo je p\u0159\u00edmo odkazov\u00e1no na p\u016fvodn\u00ed zdroj informac\u00ed.<\/strong><\/span><\/p>\n","protected":false},"excerpt":{"rendered":"<p>Ob\u0159\u00ed reishi Gigantickou reishi p\u0159edv\u00e1d\u00ed \u010d\u00ednsk\u00fd obchodn\u00edk z m\u011bsta Hezhou. Velk\u00e9 reishi nejsou v p\u0159\u00edrod\u011b \u017e\u00e1dnou v\u00fdjimkou. Tato ob\u0159\u00ed reishi m\u011bla pr\u016fm\u011br 107 cm a v\u00e1hu t\u00e9m\u011b\u0159 15 kg. Nalezena byla ji\u017en\u011b od \u0159eky Jang-c\u2019-\u0165iang. Mimo \u010c\u00ednu jsou proslul\u00e9 n\u00e1lezy reishi v pralesn\u00edch oblastech Vietnamu. Podle ChinaNews zde byly nalezeny dv\u011b ob\u0159\u00ed reishi. Jedna s <a class=\"read-more\" href=\"http:\/\/www.microbox.cz\/?page_id=678\">...continue reading <span class=\"meta-nav\">&rarr;<\/span><\/a><\/p>\n","protected":false},"author":1,"featured_media":0,"parent":0,"menu_order":0,"comment_status":"closed","ping_status":"closed","template":"","meta":[],"_links":{"self":[{"href":"http:\/\/www.microbox.cz\/index.php?rest_route=\/wp\/v2\/pages\/678"}],"collection":[{"href":"http:\/\/www.microbox.cz\/index.php?rest_route=\/wp\/v2\/pages"}],"about":[{"href":"http:\/\/www.microbox.cz\/index.php?rest_route=\/wp\/v2\/types\/page"}],"author":[{"embeddable":true,"href":"http:\/\/www.microbox.cz\/index.php?rest_route=\/wp\/v2\/users\/1"}],"replies":[{"embeddable":true,"href":"http:\/\/www.microbox.cz\/index.php?rest_route=%2Fwp%2Fv2%2Fcomments&post=678"}],"version-history":[{"count":16,"href":"http:\/\/www.microbox.cz\/index.php?rest_route=\/wp\/v2\/pages\/678\/revisions"}],"predecessor-version":[{"id":1645,"href":"http:\/\/www.microbox.cz\/index.php?rest_route=\/wp\/v2\/pages\/678\/revisions\/1645"}],"wp:attachment":[{"href":"http:\/\/www.microbox.cz\/index.php?rest_route=%2Fwp%2Fv2%2Fmedia&parent=678"}],"curies":[{"name":"wp","href":"https:\/\/api.w.org\/{rel}","templated":true}]}}