{"id":560,"date":"2015-05-20T18:29:49","date_gmt":"2015-05-20T18:29:49","guid":{"rendered":"http:\/\/www.microbox.cz\/?page_id=560"},"modified":"2024-09-23T13:44:29","modified_gmt":"2024-09-23T13:44:29","slug":"vermikulit-vs-perlit","status":"publish","type":"page","link":"https:\/\/www.microbox.cz\/?page_id=560","title":{"rendered":"Vermikulit vs. perlit"},"content":{"rendered":"<p><script src=\"https:\/\/code.responsivevoice.org\/responsivevoice.js?key=zOyPaRpl\"><\/script><\/p>\n<p style=\"text-align: justify;\"><button id=\"listenButton1\" class=\"responsivevoice-button\" type=\"button\" value=\"Play\" title=\"ResponsiveVoice Tap to Start\/Stop Speech\"><span>&#128266; Zvukov\u00fd p\u0159epis str\u00e1nky<\/span><\/button>\n        <script>\n            listenButton1.onclick = function(){\n                if(responsiveVoice.isPlaying()){\n                    responsiveVoice.cancel();\n                }else{\n                    responsiveVoice.speak(\"Vermikulit je prov\u011b\u0159en\u00e1 miner\u00e1ln\u00ed l\u00e1tka (odborn\u011b \u0159e\u010deno je vermikulit por\u00e9zn\u00ed sl\u00eddov\u00e1 hornina), jako komplexn\u00ed z\u00e1klad pro p\u011bstov\u00e1n\u00ed i choulostiv\u011bj\u0161\u00edch druh\u016f hub, kdy zaji\u0161\u0165uje p\u0159edev\u0161\u00edm dostate\u010dnou z\u00e1sobu vody v b\u011b\u017en\u00fdch a speci\u00e1ln\u00edch substr\u00e1tech. Jeho povahov\u00e1 struktura umo\u017e\u0148uje \u00fa\u010dinn\u011b absorbovat a zadr\u017eovat vodu, m\u00e1 st\u0159edn\u00ed kvalitu provzdu\u0161\u0148ov\u00e1n\u00ed. Vzhledem k tomu, \u017ee jsou houby tvo\u0159eny z 85-90% vodou, je d\u016fle\u017eit\u00e9 aby se vlhkost, p\u0159edev\u0161\u00edm v procesu fruktifikace, dr\u017eela tak vysoko, jak je to jen mo\u017en\u00e9. Udr\u017eov\u00e1n\u00ed vy\u0161\u0161\u00ed vlhkosti je tak m\u00e9n\u011b n\u00e1ro\u010dn\u00e9 i daleko levn\u011bj\u0161\u00ed, ne\u017e r\u016fzn\u00e9 slo\u017eit\u00e9 zvlh\u010dova\u010de nebo ml\u017en\u00e9 syst\u00e9my.\u00a0Vermikulit pln\u00ed v substr\u00e1tu nav\u00edc nejen funkci z\u00e1sob\u00e1rny vody, ale\u00a0z\u00e1rove\u0148 substr\u00e1t provzdu\u0161\u0148uje i\u00a0postupn\u011b obohacuje o mno\u017estv\u00ed miner\u00e1l\u016f a stopov\u00fdch prvk\u016f (mj. v\u00e1pn\u00edk, mangan a ho\u0159\u010d\u00edk). V\u0161eobecn\u011b tak podporuje tvorbu plodnic pro rychlej\u0161\u00ed a intenzivn\u011bj\u0161\u00ed r\u016fst.\u00a0Je ide\u00e1ln\u00ed pro v\u00fdsadbu semen a sazenic.\u00a0Tak\u00e9 je nejvhodn\u011bj\u0161\u00ed pro rostliny, kter\u00e9 vy\u017eaduj\u00ed velk\u00e9 mno\u017estv\u00ed vody a vlhk\u00e9 p\u016fdy. Perlit\u00a0je vlastn\u011b\u00a0amorfn\u00ed k\u0159emi\u010ditan hlinit\u00fd sope\u010dn\u00e9ho p\u016fvodu, kter\u00fd\u00a0pat\u0159\u00ed ke kysel\u00fdm vulkanick\u00fdm skl\u016fm. Pro p\u011bstov\u00e1n\u00ed hub, jako sou\u010d\u00e1st mixu houbov\u00fdch substr\u00e1tu, nen\u00ed ale v\u016fbec vhodn\u00fd. Maxim\u00e1ln\u011b tak m\u016f\u017eete um\u00edstit na dno p\u011bstebn\u00edho boxu perlit k postupn\u00e9mu odpa\u0159ov\u00e1n\u00ed vody. N\u011bkte\u0159\u00ed p\u011bstitel\u00e9 vysyp\u00e1vaj\u00ed perlitem dno velk\u00fdch p\u011bstitelsk\u00fdch box\u016f (nasypan\u00fd na n\u011bjakou vhodnou podlo\u017eku, nap\u0159. t\u00e1cek) pro v\u011bt\u0161\u00ed eliminaci CO2, i kdy\u017e jsou boxy odv\u011btr\u00e1van\u00fd r\u016fzn\u00fdmi v\u011btrac\u00edmi otvory v boxu. P\u011bstebn\u00ed n\u00e1doby (Microboxy) nebo r\u016fzn\u00e9 p\u011bstebn\u00ed s\u00e1\u010dky jsou tedy um\u00edst\u011bny na vlhk\u00e9m perlitu. Perlit nezachycuje \u017e\u00e1dnou vodu s\u00e1m, ale zachycuje vodu v prostoru mezi granulemi. Perlit m\u00e1 vysokou provzdu\u0161\u0148ovac\u00ed schopnost d\u00edky sv\u00e9mu pevn\u00e9mu tvaru a pevn\u00e9 struktu\u0159e.\u00a0To je v\u00fdhodn\u00e9 pro p\u011bstov\u00e1n\u00ed rostlin, kter\u00e9 pot\u0159ebuj\u00ed dobr\u00e9 odvodn\u011bn\u00ed vody. Perlit je ide\u00e1ln\u00ed pro p\u011bstov\u00e1n\u00ed rostlinn\u00fdch \u0159\u00edzk\u016f a pro rostliny, kter\u00e9 pot\u0159ebuj\u00ed velmi dob\u0159e odvodn\u011bnou a ne p\u0159\u00edli\u0161 vlhkou p\u016fdu. Vermikulit a perlit maj\u00ed spole\u010dn\u00e9 hlavn\u011b to, \u017ee oba v\u00fdrobky (ale ka\u017ed\u00fd v podstat\u011b jin\u00fdm zp\u016fsobem) zachycuj\u00ed vodu. Jinak jsou to p\u016fvodem, chemick\u00fdm slo\u017een\u00edm i funk\u010dn\u011b, dv\u011b naprosto rozd\u00edln\u00e9 l\u00e1tky. Jak perlit, tak vermikulit se pou\u017e\u00edvaj\u00ed ke zlep\u0161en\u00ed p\u016fdn\u00edch podm\u00ednek, jako je provzdu\u0161\u0148ov\u00e1n\u00ed, zadr\u017eov\u00e1n\u00ed vody, atd. Ale je d\u016fle\u017eit\u00e9 pochopen\u00ed p\u0159esn\u00e9ho rozd\u00edlu mezi t\u011bmito dv\u011bma l\u00e1tkami, tak aby to bylo u\u017eite\u010dn\u00e9 p\u0159i v\u00fdb\u011bru vhodn\u00e9 p\u0159\u00edsady do p\u016fdy pro rostlinu. Tyto dv\u011b l\u00e1tky jsou p\u0159ev\u00e1\u017en\u011b pou\u017e\u00edv\u00e1ny v p\u011bstov\u00e1n\u00ed rostlin nebo jako sou\u010d\u00e1st nejr\u016fzn\u011bj\u0161\u00edch zahradn\u00edch substr\u00e1t\u016f i hnojiv. Bohu\u017eel prodava\u010di v obchodech \u010dasto nev\u011bd\u00ed a neznaj\u00ed rozd\u00edl mezi vermikulitem a perlitem, resp. v\u00e1m \u0159eknou, \u017ee jsou z podobn\u00e9ho materi\u00e1lu. Mo\u017en\u00e1 v\u00e1m budou i tvrdit, \u017ee je perlit lep\u0161\u00ed, proto\u017ee je levn\u011bj\u0161\u00ed a \\\"nasaje\\\" v\u00edce vody, co\u017e je hloupost. Perlit levn\u011bj\u0161\u00ed ur\u010dit\u011b je, ale to je ve srovn\u00e1n\u00ed s vermikulitem jeho jedin\u00fd rozd\u00edl.\u00a0Pou\u017eit\u00edm perlitu, jako mixu houbov\u00e9ho substr\u00e1tu s myc\u00e9liem nebo i mixem vermikulitu s perlitem, m\u016f\u017ee n\u011bkdy doj\u00edt k naru\u0161en\u00ed funkce tvorby podhoub\u00ed p\u011bstovan\u00fdch hub a perlit je pro p\u011bstov\u00e1n\u00ed hub naprosto nevhodn\u00fd. Pe\u010dliv\u011b proto v\u017edy prozkoumejte zakoupen\u00e9 balen\u00ed, zda se jedn\u00e1 o vermikulit nebo o perlit. Na foto r\u016fst rostlinek v microboxu pouze na vermikulitu sm\u00edchan\u00e9m s vodou 1:1. V \u010cesk\u00e9 republice existuje v\u00edce dodavatel\u016f vermikulitu, bohu\u017eel \u010dasto za p\u0159emr\u0161t\u011bn\u00e9 ceny. Vermikulit m\u016f\u017eete vyu\u017e\u00edt nejen p\u0159i p\u011bstov\u00e1n\u00ed hub, ale i u p\u011bstov\u00e1n\u00ed kytek a zeleniny, microgreens, vz\u00e1cn\u011bj\u0161\u00edch a netradi\u010dn\u00edch rostlin\u00e1ch (nap\u0159. maso\u017eravek nebo sukulent\u016f) a \u010dast\u00e9 je pou\u017eit\u00ed vermikulitu v teraristice. Obvykl\u00e1 balen\u00ed vermikulitu jsou k dost\u00e1n\u00ed v objemu 3-10 litr\u016f (1 litr v\u00e1\u017e\u00ed asi 0,1 kg). V p\u011bstov\u00e1n\u00ed hub zasl\u00edben\u00fdch zem\u00edch, jako je Belgie a Nizozem\u00ed se prod\u00e1vaj\u00ed r\u016fzn\u00e1 balen\u00ed vermikulitu o objemu 10-100 litr\u016f (1-10 kg) a nutno bohu\u017eel podotknout, \u017ee a\u017e 3x levn\u011bji ne\u017e v \u010cR. Rok 2017. K m\u00e1n\u00ed jsou tam u\u017e i p\u0159edem nam\u00edchan\u00e9 houbov\u00e9 substr\u00e1ty d\u0159evn\u00ed nebo obiln\u00ed hmoty s vermikulitem a tak p\u0159edev\u0161\u00edm hobby p\u011bstitel\u00e9 u\u0161et\u0159\u00ed spoustu \u010dasu se sh\u00e1n\u011bn\u00edm i p\u0159\u00edpravou substr\u00e1tu, a vzhledem k l\u00e1ci substr\u00e1t\u016f s vermikulitem, i dost pen\u011bz.\", \"Czech Female\");\n                }\n            };\n        <\/script>\n    <\/p>\n<p style=\"text-align: justify;\"><strong>Vermikulit<\/strong> je prov\u011b\u0159en\u00e1 miner\u00e1ln\u00ed l\u00e1tka (odborn\u011b \u0159e\u010deno je vermikulit por\u00e9zn\u00ed sl\u00eddov\u00e1 hornina), jako komplexn\u00ed z\u00e1klad pro p\u011bstov\u00e1n\u00ed i choulostiv\u011bj\u0161\u00edch druh\u016f hub, kdy zaji\u0161\u0165uje p\u0159edev\u0161\u00edm dostate\u010dnou z\u00e1sobu vody v b\u011b\u017en\u00fdch a speci\u00e1ln\u00edch substr\u00e1tech. <strong>Jeho povahov\u00e1 struktura umo\u017e\u0148uje \u00fa\u010dinn\u011b absorbovat a zadr\u017eovat vodu<\/strong>, m\u00e1 st\u0159edn\u00ed kvalitu provzdu\u0161\u0148ov\u00e1n\u00ed. Vzhledem k tomu, \u017ee jsou houby tvo\u0159eny z 85-90% vodou, je d\u016fle\u017eit\u00e9 aby se vlhkost, p\u0159edev\u0161\u00edm v procesu fruktifikace, dr\u017eela tak vysoko, jak je to jen mo\u017en\u00e9. Udr\u017eov\u00e1n\u00ed vy\u0161\u0161\u00ed vlhkosti je tak m\u00e9n\u011b n\u00e1ro\u010dn\u00e9 i daleko levn\u011bj\u0161\u00ed, ne\u017e r\u016fzn\u00e9 slo\u017eit\u00e9 zvlh\u010dova\u010de nebo ml\u017en\u00e9 syst\u00e9my.\u00a0<strong>Vermikulit pln\u00ed v substr\u00e1tu nav\u00edc nejen funkci z\u00e1sob\u00e1rny vody, ale<i>\u00a0<\/i>z\u00e1rove\u0148 substr\u00e1t provzdu\u0161\u0148uje i\u00a0postupn\u011b obohacuje o mno\u017estv\u00ed miner\u00e1l\u016f a stopov\u00fdch prvk\u016f (mj. v\u00e1pn\u00edk, mangan a ho\u0159\u010d\u00edk)<\/strong>. V\u0161eobecn\u011b tak podporuje tvorbu plodnic pro rychlej\u0161\u00ed a intenzivn\u011bj\u0161\u00ed r\u016fst.\u00a0Je ide\u00e1ln\u00ed pro v\u00fdsadbu semen a sazenic.\u00a0Tak\u00e9 je nejvhodn\u011bj\u0161\u00ed pro rostliny, kter\u00e9 vy\u017eaduj\u00ed velk\u00e9 mno\u017estv\u00ed vody a vlhk\u00e9 p\u016fdy.<\/p>\n<p style=\"text-align: justify;\"><strong>Perlit<\/strong>\u00a0je vlastn\u011b\u00a0amorfn\u00ed k\u0159emi\u010ditan hlinit\u00fd sope\u010dn\u00e9ho p\u016fvodu, kter\u00fd\u00a0pat\u0159\u00ed ke kysel\u00fdm vulkanick\u00fdm skl\u016fm. <strong>Pro p\u011bstov\u00e1n\u00ed hub, jako sou\u010d\u00e1st mixu houbov\u00fdch substr\u00e1tu, nen\u00ed ale v\u016fbec vhodn\u00fd<\/strong>. Maxim\u00e1ln\u011b tak m\u016f\u017eete um\u00edstit na dno p\u011bstebn\u00edho boxu perlit k postupn\u00e9mu odpa\u0159ov\u00e1n\u00ed vody. N\u011bkte\u0159\u00ed p\u011bstitel\u00e9 vysyp\u00e1vaj\u00ed perlitem dno velk\u00fdch p\u011bstitelsk\u00fdch box\u016f (nasypan\u00fd na n\u011bjakou vhodnou podlo\u017eku, nap\u0159. t\u00e1cek) pro v\u011bt\u0161\u00ed eliminaci CO2, i kdy\u017e jsou boxy odv\u011btr\u00e1van\u00fd r\u016fzn\u00fdmi v\u011btrac\u00edmi otvory v boxu. P\u011bstebn\u00ed n\u00e1doby (Microboxy) nebo r\u016fzn\u00e9 p\u011bstebn\u00ed s\u00e1\u010dky jsou tedy um\u00edst\u011bny na vlhk\u00e9m perlitu. <strong>Perlit nezachycuje \u017e\u00e1dnou vodu s\u00e1m, ale zachycuje vodu v prostoru mezi granulemi<\/strong>. Perlit m\u00e1 vysokou provzdu\u0161\u0148ovac\u00ed schopnost d\u00edky sv\u00e9mu pevn\u00e9mu tvaru a pevn\u00e9 struktu\u0159e.\u00a0To je v\u00fdhodn\u00e9 pro p\u011bstov\u00e1n\u00ed rostlin, kter\u00e9 pot\u0159ebuj\u00ed dobr\u00e9 odvodn\u011bn\u00ed vody. Perlit je ide\u00e1ln\u00ed pro p\u011bstov\u00e1n\u00ed rostlinn\u00fdch \u0159\u00edzk\u016f a pro rostliny, kter\u00e9 pot\u0159ebuj\u00ed velmi dob\u0159e odvodn\u011bnou a ne p\u0159\u00edli\u0161 vlhkou p\u016fdu.<\/p>\n<p style=\"text-align: justify;\"><strong>Vermikulit a perlit maj\u00ed spole\u010dn\u00e9 hlavn\u011b to, \u017ee oba v\u00fdrobky (ale ka\u017ed\u00fd v podstat\u011b jin\u00fdm zp\u016fsobem) zachycuj\u00ed vodu. Jinak jsou to p\u016fvodem, chemick\u00fdm slo\u017een\u00edm i funk\u010dn\u011b, dv\u011b naprosto rozd\u00edln\u00e9 l\u00e1tky. Jak perlit, tak vermikulit se pou\u017e\u00edvaj\u00ed ke zlep\u0161en\u00ed p\u016fdn\u00edch podm\u00ednek, jako je provzdu\u0161\u0148ov\u00e1n\u00ed, zadr\u017eov\u00e1n\u00ed vody, atd. Ale je d\u016fle\u017eit\u00e9 pochopen\u00ed p\u0159esn\u00e9ho rozd\u00edlu mezi t\u011bmito dv\u011bma l\u00e1tkami, tak aby to bylo u\u017eite\u010dn\u00e9 p\u0159i v\u00fdb\u011bru vhodn\u00e9 p\u0159\u00edsady do p\u016fdy pro rostlinu.<\/strong><\/p>\n<p style=\"text-align: justify;\"><a href=\"http:\/\/www.microbox.cz\/wp-content\/uploads\/2014\/10\/Microgreens4a.png\"><img loading=\"lazy\" class=\"alignleft size-thumbnail wp-image-637\" src=\"http:\/\/www.microbox.cz\/wp-content\/uploads\/2014\/10\/Microgreens4a-150x150.png\" alt=\"\" width=\"150\" height=\"150\" \/><\/a><\/p>\n<p style=\"text-align: justify;\">Tyto dv\u011b l\u00e1tky jsou p\u0159ev\u00e1\u017en\u011b pou\u017e\u00edv\u00e1ny v p\u011bstov\u00e1n\u00ed rostlin nebo jako sou\u010d\u00e1st nejr\u016fzn\u011bj\u0161\u00edch zahradn\u00edch substr\u00e1t\u016f i hnojiv. Bohu\u017eel prodava\u010di v obchodech \u010dasto nev\u011bd\u00ed a neznaj\u00ed rozd\u00edl mezi vermikulitem a perlitem, resp. v\u00e1m \u0159eknou, \u017ee jsou z podobn\u00e9ho materi\u00e1lu. Mo\u017en\u00e1 v\u00e1m budou i tvrdit, \u017ee je perlit lep\u0161\u00ed, proto\u017ee je levn\u011bj\u0161\u00ed a \"nasaje\" v\u00edce vody, co\u017e je hloupost. Perlit levn\u011bj\u0161\u00ed ur\u010dit\u011b je, ale to je ve srovn\u00e1n\u00ed s vermikulitem jeho jedin\u00fd rozd\u00edl.\u00a0<strong>Pou\u017eit\u00edm perlitu, jako mixu houbov\u00e9ho substr\u00e1tu s myc\u00e9liem nebo i mixem vermikulitu s perlitem, m\u016f\u017ee n\u011bkdy doj\u00edt k naru\u0161en\u00ed funkce tvorby podhoub\u00ed p\u011bstovan\u00fdch hub a perlit je pro p\u011bstov\u00e1n\u00ed hub naprosto nevhodn\u00fd<\/strong>. Pe\u010dliv\u011b proto v\u017edy prozkoumejte zakoupen\u00e9 balen\u00ed, zda se jedn\u00e1 o vermikulit nebo o perlit. Na foto r\u016fst rostlinek v microboxu pouze na vermikulitu sm\u00edchan\u00e9m s vodou 1:1.<\/p>\n<p style=\"text-align: justify;\">V \u010cesk\u00e9 republice existuje v\u00edce dodavatel\u016f vermikulitu, bohu\u017eel \u010dasto za p\u0159emr\u0161t\u011bn\u00e9 ceny. Vermikulit m\u016f\u017eete vyu\u017e\u00edt nejen p\u0159i p\u011bstov\u00e1n\u00ed hub, ale i u p\u011bstov\u00e1n\u00ed kytek a zeleniny, microgreens, vz\u00e1cn\u011bj\u0161\u00edch a netradi\u010dn\u00edch rostlin\u00e1ch (nap\u0159. maso\u017eravek nebo sukulent\u016f) a \u010dast\u00e9 je pou\u017eit\u00ed vermikulitu v teraristice. Obvykl\u00e1 balen\u00ed vermikulitu jsou k dost\u00e1n\u00ed v objemu 3-10 litr\u016f (1 litr v\u00e1\u017e\u00ed asi 0,1 kg). V p\u011bstov\u00e1n\u00ed hub zasl\u00edben\u00fdch zem\u00edch, jako je Belgie a Nizozem\u00ed se prod\u00e1vaj\u00ed r\u016fzn\u00e1 balen\u00ed vermikulitu o objemu 10-100 litr\u016f (1-10 kg) a nutno bohu\u017eel podotknout, \u017ee a\u017e 3x levn\u011bji ne\u017e v \u010cR. Rok 2017. K m\u00e1n\u00ed jsou tam u\u017e i p\u0159edem nam\u00edchan\u00e9 houbov\u00e9 substr\u00e1ty d\u0159evn\u00ed nebo obiln\u00ed hmoty s vermikulitem a tak p\u0159edev\u0161\u00edm hobby p\u011bstitel\u00e9 u\u0161et\u0159\u00ed spoustu \u010dasu se sh\u00e1n\u011bn\u00edm i p\u0159\u00edpravou substr\u00e1tu, a vzhledem k l\u00e1ci substr\u00e1t\u016f s vermikulitem, i dost pen\u011bz.<\/p>\n<p style=\"text-align: justify;\"><div id=\"wondercarousellightbox_options\" data-skinsfoldername=\"\"  data-jsfolder=\"https:\/\/www.microbox.cz\/wp-content\/plugins\/FreemakeSliderPlugin\/engine\/\" style=\"display:none;\"><\/div>\r\n<style type=\"text\/css\">@import url(https:\/\/fonts.googleapis.com\/css?family=Open+Sans);   #fmcarousel-1 .amazingcarousel-image {\t \tposition: relative; \tpadding: 4px; }  #fmcarousel-1 .amazingcarousel-image img { \tdisplay: block; \twidth: 100%; \tmax-width: 100%; \tborder: 0; \tmargin: 0; \tpadding: 0; \t-moz-border-radius: 0px; \t-webkit-border-radius: 0px; \tborder-radius: 0px; \t-moz-box-shadow:  0 1px 4px rgba(0, 0, 0, 0.2); \t-webkit-box-shadow: 0 1px 4px rgba(0, 0, 0, 0.2); \tbox-shadow: 0 1px 4px rgba(0, 0, 0, 0.2); }  #fmcarousel-1 .amazingcarousel-title { \tposition:relative; \tfont:14px \"Open Sans\", sans-serif; \tcolor:#333333; \tmargin:6px; \ttext-align:center; \ttext-shadow:0px 1px 1px #fff; }  #fmcarousel-1 .amazingcarousel-list-container {  \tpadding: 16px 0; }  #fmcarousel-1 .amazingcarousel-item-container { \ttext-align: center; \tpadding: 4px; \tbackground-color: #fff; \tborder: 1px solid #ddd; \t-moz-box-shadow: 0px 0px 5px 1px rgba(96, 96, 96, 0.1); \t-webkit-box-shadow: 0px 0px 5px 1px rgba(96, 96, 96, 0.1); \tbox-shadow: 0px 0px 5px 1px rgba(96, 96, 96, 0.1); }  #fmcarousel-1 .amazingcarousel-prev { \tleft: 0%; \ttop: 50%; \tmargin-left: -48px; \tmargin-top: -16px; }  #fmcarousel-1 .amazingcarousel-next { \tright: 0%; \ttop: 50%; \tmargin-right: -48px; \tmargin-top: -16px; }  #fmcarousel-1 .amazingcarousel-nav { \tposition: absolute; \twidth: 100%; \ttop: 100%; }  #fmcarousel-1 .amazingcarousel-bullet-wrapper { \tmargin: 4px auto; }<\/style><div class=\"fmcarousel-container\" id=\"fmcarousel-container-1\"><div class=\"fmcarousel\" id=\"fmcarousel-1\" data-carouselid=\"1\" data-width=\"240\" data-height=\"180\" data-skin=\"classic\" data-sameheight=\"false\" data-sameheightresponsive=\"false\" data-fullwidth=\"false\" data-centerimage=\"true\" data-fitimage=\"false\" data-fitcenterimage=\"false\" data-fixaspectratio=\"true\" data-autoplay=\"true\" data-random=\"false\" data-circular=\"true\" data-pauseonmouseover=\"true\" data-continuous=\"false\" data-responsive=\"true\" data-showhoveroverlay=\"true\" data-showhoveroverlayalways=\"false\" data-hidehoveroverlayontouch=\"false\" data-lightboxresponsive=\"true\" data-lightboxshownavigation=\"false\" data-lightboxnogroup=\"false\" data-lightboxshowtitle=\"true\" data-lightboxshowdescription=\"false\" data-usescreenquery=\"false\" data-donotinit=\"false\" data-addinitscript=\"false\" data-doshortcodeontext=\"false\" data-lightboxshowsocial=\"false\" data-lightboxshowfacebook=\"true\" data-lightboxshowtwitter=\"true\" data-lightboxshowpinterest=\"true\" data-lightboxsocialrotateeffect=\"true\" data-hidecontainerbeforeloaded=\"false\" data-hidecontaineroninit=\"false\" data-lightboximagekeepratio=\"true\" data-showplayvideo=\"true\" data-triggerresize=\"false\" data-lightboxfullscreenmode=\"false\" data-lightboxcloseonoverlay=\"true\" data-lightboxvideohidecontrols=\"false\" data-lightboxautoslide=\"false\" data-lightboxshowtimer=\"true\" data-lightboxshowplaybutton=\"true\" data-lightboxalwaysshownavarrows=\"false\" data-lightboxshowtitleprefix=\"true\" data-spacing=\"18\" data-rownumber=\"1\" data-visibleitems=\"3\" data-arrowstyle=\"always\" data-arrowimage=\"arrows-32-32-2.png\" data-arrowwidth=\"32\" data-arrowheight=\"32\" data-navstyle=\"bullets\" data-navimage=\"bullet-16-16-0.png\" data-navwidth=\"16\" data-navheight=\"16\" data-navspacing=\"8\" data-hoveroverlayimage=\"hoveroverlay-64-64-3.png\" data-lightboxthumbwidth=\"90\" data-lightboxthumbheight=\"60\" data-lightboxthumbtopmargin=\"12\" data-lightboxthumbbottommargin=\"4\" data-lightboxbarheight=\"64\" data-lightboxtitlebottomcss=\"{color:#333; font-size:14px; font-family:Armata,sans-serif,Arial; overflow:hidden; text-align:left;}\" data-lightboxdescriptionbottomcss=\"{color:#333; font-size:12px; font-family:Arial,Helvetica,sans-serif; overflow:hidden; text-align:left; margin:4px 0px 0px; padding: 0px;}\" data-continuousduration=\"2500\" data-scrollmode=\"page\" data-interval=\"3000\" data-transitionduration=\"1000\" data-lightboxtitlestyle=\"bottom\" data-lightboximagepercentage=\"75\" data-lightboxdefaultvideovolume=\"1\" data-lightboxoverlaybgcolor=\"#000\" data-lightboxoverlayopacity=\"0.9\" data-lightboxbgcolor=\"#fff\" data-lightboxtitleprefix=\"%NUM \/ %TOTAL\" data-lightboxtitleinsidecss=\"color:#fff; font-size:16px; font-family:Arial,Helvetica,sans-serif; overflow:hidden; text-align:left;\" data-lightboxdescriptioninsidecss=\"color:#fff; font-size:12px; font-family:Arial,Helvetica,sans-serif; overflow:hidden; text-align:left; margin:4px 0px 0px; padding: 0px;\" data-playvideoimage=\"playvideo-64-64-0.png\" data-playvideoimagepos=\"center\" data-lightboxsocialposition=\"position:absolute;top:100%;right:0;\" data-lightboxsocialpositionsmallscreen=\"position:absolute;top:100%;right:0;left:0;\" data-lightboxsocialdirection=\"horizontal\" data-lightboxsocialbuttonsize=\"32\" data-lightboxsocialbuttonfontsize=\"18\" data-sameheightmediumscreen=\"769\" data-sameheightmediumheight=\"200\" data-sameheightsmallscreen=\"415\" data-sameheightsmallheight=\"150\" data-triggerresizedelay=\"100\" data-lightboxslideinterval=\"5000\" data-lightboxtimerposition=\"bottom\" data-lightboxtimercolor=\"#dc572e\" data-lightboxtimeropacity=\"1\" data-lightboxbordersize=\"8\" data-lightboxborderradius=\"0\" data-screenquery='{ \"tablet\": { \"screenwidth\": 800, \"visibleitems\": 2 }, \"mobile\": { \"screenwidth\": 480, \"visibleitems\": 1 } }' data-jsfolder=\"https:\/\/www.microbox.cz\/wp-content\/plugins\/FreemakeSliderPlugin\/engine\/\" style=\"display:none;position:relative;margin:0 auto;width:100%;max-width:720px;\" ><div class=\"amazingcarousel-list-container\" style=\"overflow:hidden;\"><ul class=\"amazingcarousel-list\"><li class=\"amazingcarousel-item\"><div class=\"amazingcarousel-item-container\"><div class=\"amazingcarousel-image\"><a href=\"https:\/\/www.youtube.com\/embed\/b0ow7crxUfA\" data-thumbnail=\"https:\/\/img.youtube.com\/vi\/b0ow7crxUfA\/1.jpg\" class=\"wondercarousellightbox wondercarousellightbox-1\" data-group=\"wondercarousellightbox-1\"><img src=\"https:\/\/img.youtube.com\/vi\/b0ow7crxUfA\/0.jpg\" alt=\"\" data-description=\"\" \/><\/a><\/div>\n<div class=\"amazingcarousel-title\"><\/div><\/div><\/li><li class=\"amazingcarousel-item\"><div class=\"amazingcarousel-item-container\"><div class=\"amazingcarousel-image\"><a href=\"https:\/\/www.youtube.com\/embed\/wPjqo6Ad1Gw\" data-thumbnail=\"https:\/\/img.youtube.com\/vi\/wPjqo6Ad1Gw\/1.jpg\" class=\"wondercarousellightbox wondercarousellightbox-1\" data-group=\"wondercarousellightbox-1\"><img src=\"https:\/\/img.youtube.com\/vi\/wPjqo6Ad1Gw\/0.jpg\" alt=\"\" data-description=\"\" \/><\/a><\/div>\n<div class=\"amazingcarousel-title\"><\/div><\/div><\/li><li class=\"amazingcarousel-item\"><div class=\"amazingcarousel-item-container\"><div class=\"amazingcarousel-image\"><a href=\"https:\/\/www.youtube.com\/embed\/2IA8T3GXqBU\" data-thumbnail=\"https:\/\/img.youtube.com\/vi\/2IA8T3GXqBU\/1.jpg\" class=\"wondercarousellightbox wondercarousellightbox-1\" data-group=\"wondercarousellightbox-1\"><img src=\"https:\/\/img.youtube.com\/vi\/2IA8T3GXqBU\/0.jpg\" alt=\"\" data-description=\"\" \/><\/a><\/div>\n<div class=\"amazingcarousel-title\"><\/div><\/div><\/li><\/ul><div class=\"amazingcarousel-prev\"><\/div><div class=\"amazingcarousel-next\"><\/div><\/div><div class=\"amazingcarousel-nav\"><\/div><div style=\"width: 100%; text-align: center; font-size: small; font-family: Arial;\"><a href=\"http:\/\/freemake.com\" title=\"Freemake URL\" target=\"_blank\" style=\"box-shadow: none\" class=\"fm-promo-url\">Freemake<\/a><\/div><\/div><\/div><\/p>\n","protected":false},"excerpt":{"rendered":"<p>Vermikulit je prov\u011b\u0159en\u00e1 miner\u00e1ln\u00ed l\u00e1tka (odborn\u011b \u0159e\u010deno je vermikulit por\u00e9zn\u00ed sl\u00eddov\u00e1 hornina), jako komplexn\u00ed z\u00e1klad pro p\u011bstov\u00e1n\u00ed i choulostiv\u011bj\u0161\u00edch druh\u016f hub, kdy zaji\u0161\u0165uje p\u0159edev\u0161\u00edm dostate\u010dnou z\u00e1sobu vody v b\u011b\u017en\u00fdch a speci\u00e1ln\u00edch substr\u00e1tech. Jeho povahov\u00e1 struktura umo\u017e\u0148uje \u00fa\u010dinn\u011b absorbovat a zadr\u017eovat vodu, m\u00e1 st\u0159edn\u00ed kvalitu provzdu\u0161\u0148ov\u00e1n\u00ed. Vzhledem k tomu, \u017ee jsou houby tvo\u0159eny z 85-90% vodou, <a class=\"read-more\" href=\"https:\/\/www.microbox.cz\/?page_id=560\">...continue reading <span class=\"meta-nav\">&rarr;<\/span><\/a><\/p>\n","protected":false},"author":1,"featured_media":0,"parent":520,"menu_order":0,"comment_status":"closed","ping_status":"closed","template":"","meta":[],"_links":{"self":[{"href":"https:\/\/www.microbox.cz\/index.php?rest_route=\/wp\/v2\/pages\/560"}],"collection":[{"href":"https:\/\/www.microbox.cz\/index.php?rest_route=\/wp\/v2\/pages"}],"about":[{"href":"https:\/\/www.microbox.cz\/index.php?rest_route=\/wp\/v2\/types\/page"}],"author":[{"embeddable":true,"href":"https:\/\/www.microbox.cz\/index.php?rest_route=\/wp\/v2\/users\/1"}],"replies":[{"embeddable":true,"href":"https:\/\/www.microbox.cz\/index.php?rest_route=%2Fwp%2Fv2%2Fcomments&post=560"}],"version-history":[{"count":61,"href":"https:\/\/www.microbox.cz\/index.php?rest_route=\/wp\/v2\/pages\/560\/revisions"}],"predecessor-version":[{"id":1810,"href":"https:\/\/www.microbox.cz\/index.php?rest_route=\/wp\/v2\/pages\/560\/revisions\/1810"}],"up":[{"embeddable":true,"href":"https:\/\/www.microbox.cz\/index.php?rest_route=\/wp\/v2\/pages\/520"}],"wp:attachment":[{"href":"https:\/\/www.microbox.cz\/index.php?rest_route=%2Fwp%2Fv2%2Fmedia&parent=560"}],"curies":[{"name":"wp","href":"https:\/\/api.w.org\/{rel}","templated":true}]}}